the remainder when 4725299 is divided by 917?
915
Calculate the remainder when 211711 is divided by 70562.
25
What is the remainder when 213290993 is divided by 1632?
17
What is the remainder when 4426316 is divided by 436?
44
Calculate the remainder when 20251898 is divided by 34.
2
Calculate the remainder when 7843248 is divided by 2482.
128
Calculate the remainder when 38966251 is divided by 2666.
2661
Calculate the remainder when 141213 is divided by 767.
85
What is the remainder when 124775157 is divided by 128?
117
What is the remainder when 662431 is divided by 2292?
43
What is the remainder when 65107864 is divided by 217?
52
Calculate the remainder when 29278627 is divided by 5.
2
Calculate the remainder when 1659254 is divided by 199.
191
What is the remainder when 6562636 is divided by 723?
688
What is the remainder when 29088 is divided by 2362?
744
Calculate the remainder when 520685 is divided by 93.
71
Calculate the remainder when 270605607 is divided by 28.
27
What is the remainder when 10929357 is divided by 10929354?
3
Calculate the remainder when 17483974 is divided by 5827977.
43
Calculate the remainder when 4802920 is divided by 45.
25
Calculate the remainder when 390543 is divided by 129165.
3048
Calculate the remainder when 18332 is divided by 2197.
756
Calculate the remainder when 6306185 is divided by 331900.
85
Calculate the remainder when 122861 is divided by 61327.
207
What is the remainder when 1051908 is divided by 723?
666
What is the remainder when 2498335 is divided by 1249156?
23
Calculate the remainder when 2639097 is divided by 56151.
0
Calculate the remainder when 8280789 is divided by 27.
24
What is the remainder when 2152799 is divided by 518?
509
Calculate the remainder when 395411 is divided by 314.
85
What is the remainder when 130868 is divided by 32642?
300
Calculate the remainder when 25865 is divided by 321.
185
Calculate the remainder when 131123113 is divided by 383.
382
What is the remainder when 969170 is divided by 56?
34
What is the remainder when 79964 is divided by 111?
44
Calculate the remainder when 5625463 is divided by 989.
31
Calculate the remainder when 740451 is divided by 805.
656
What is the remainder when 5879677 is divided by 451?
441
What is the remainder when 2446908 is divided by 136?
132
Calculate the remainder when 212963244 is divided by 707.
704
What is the remainder when 9769766 is divided by 6832?
6
What is the remainder when 418559 is divided by 7597?
724
What is the remainder when 1236487 is divided by 1236471?
16
What is the remainder when 31014 is divided by 377?
100
Calculate the remainder when 29377364 is divided by 29377352.
12
Calculate the remainder when 11014580 is divided by 5.
0
What is the remainder when 149183 is divided by 71657?
5869
Calculate the remainder when 353146 is divided by 9750.
2146
Calculate the remainder when 5439085 is divided by 20.
5
Calculate the remainder when 6980511 is divided by 2348.
2255
What is the remainder when 39855589 is divided by 400?
389
Calculate the remainder when 633528 is divided by 33.
27
Calculate the remainder when 1185736 is divided by 38.
22
What is the remainder when 1180277 is divided by 25658?
9
Calculate the remainder when 61847958 is divided by 728.
718
Calculate the remainder when 13192085 is divided by 8360.
5
What is the remainder when 2043862 is divided by 1328?
70
Calculate the remainder when 158548 is divided by 5872.
4
What is the remainder when 258543138 is divided by 8079473?
2
What is the remainder when 7444111 is divided by 58?
43
What is the remainder when 29621638 is divided by 120?
118
Calculate the remainder when 1055723 is divided by 118.
95
Calculate the remainder when 1428149 is divided by 476047.
8
Calculate the remainder when 387273 is divided by 3619.
40
Calculate the remainder when 1224907 is divided by 1706.
1705
Calculate the remainder when 2783705 is divided by 24.
17
Calculate the remainder when 62350859 is divided by 827.
21
Calculate the remainder when 17974086 is divided by 24.
6
Calculate the remainder when 330945 is divided by 6457.
1638
What is the remainder when 63611 is divided by 63413?
198
What is the remainder when 173803 is divided by 1121?
48
Calculate the remainder when 795797695 is divided by 283.
280
Calculate the remainder when 68093007 is divided by 15632.
15
What is the remainder when 3747350 is divided by 22?
2
What is the remainder when 76522 is divided by 19110?
82
Calculate the remainder when 143081 is divided by 1729.
1303
What is the remainder when 2340983 is divided by 585240?
23
Calculate the remainder when 3034916747 is divided by 4390.
4387
What is the remainder when 27618910 is divided by 492?
490
What is the remainder when 3433749 is divided by 1144548?
105
Calculate the remainder when 155518 is divided by 1329.
25
Calculate the remainder when 23621 is divided by 1445.
501
What is the remainder when 43924369 is divided by 410508?
13
What is the remainder when 16705 is divided by 2354?
227
What is the remainder when 14382803 is divided by 82?
3
What is the remainder when 458422 is divided by 111?
103
What is the remainder when 110644 is divided by 157?
116
Calculate the remainder when 14518873 is divided by 35.
33
What is the remainder when 40577762 is divided by 1240?
2
Calculate the remainder when 507544 is divided by 253010.
1524
Calculate the remainder when 343887 is divided by 15631.
5
Calculate the remainder when 1799171 is divided by 1914.
11
What is the remainder when 199814 is divided by 5707?
69
What is the remainder when 6841166 is divided by 201?
131
What is the remainder when 165755 is divided by 12?
11
What is the remainder when 41623 is divided by 1398?
1081
Calculate the remainder when 477325 is divided by 44.
13
What is the remainder when 467808 is divided by 403?
328
Calculate the remainder when 827582 is divided by 3833.
3487
Calculate the remainder when 1575316 is divided by 105008.
196
What is the remainder when 8095545 is divided by 471?
468
Calculate the remainder when 9878465 is divided by 3.
2
What is the remainder when 10381670 is divided by 2675?
2670
What is the remainder when 150028 is divided by 72734?
4560
What is the remainder when 15443753 is divided by 48413?
6
What is the remainder when 1143695 is divided by 571062?
1571
Calculate the remainder when 389192 is divided by 116.
12
What is the remainder when 2948952 is divided by 2948950?
2
Calculate the remainder when 5403050 is divided by 181.
19
What is the remainder when 5552824 is divided by 248?
104
What is the remainder when 1094660 is divided by 29585?
15
Calculate the remainder when 5887995 is divided by 588798.
15
What is the remainder when 699626 is divided by 240?
26
Calculate the remainder when 139560638 is divided by 11.
8
What is the remainder when 1457669 is divided by 1188?
1181
What is the remainder when 10628 is divided by 3531?
35
What is the remainder when 5585024 is divided by 2423?
9
What is the remainder when 16059 is divided by 15640?
419
Calculate the remainder when 203821212 is divided by 50.
12
Calculate the remainder when 47934 is divided by 603.
297
What is the remainder when 11014 is divided by 5117?
780
Calculate the remainder when 255582418 is divided by 37.
34
What is the remainder when 12399640 is divided by 1514?
1494
Calculate the remainder when 1392614 is divided by 139261.
4
Calculate the remainder when 35811 is divided by 3539.
421
Calculate the remainder when 165393 is divided by 10332.
81
Calculate the remainder when 7871 is divided by 5510.
2361
What is the remainder when 82561 is divided by 1920?
1
What is the remainder when 6761308 is divided by 2039?
2023
What is the remainder when 24146626 is divided by 6?
4
Calculate the remainder when 3076911 is divided by 33.
24
What is the remainder when 29921 is divided by 879?
35
What is the remainder when 1096174 is divided by 55?
24
What is the remainder when 650823 is divided by 8343?
69
Calculate the remainder when 960492 is divided by 10672.
12
Calculate the remainder when 99076243 is divided by 70.
63
What is the remainder when 4438525 is divided by 57?
49
What is the remainder when 1293130 is divided by 2027?
1931
What is the remainder when 112840898 is divided by 38?
12
What is